36 = -4*n + 148. Suppose 12*r = 9*r, -4*l - 2*r = -436. Let b = l + 75. Calculate the greatest common divisor of b and n.
46
Let b = -348 + 103. Let x = -219 - b. What is the greatest common factor of 13 and x?
13
Suppose 396 = 4*s - b, 23*s + 396 = 27*s + 5*b. What is the greatest common divisor of 75 and s?
3
Let n = 2 + 61. Suppose 8*l = 7*l + 3. Let g = l - -4. Calculate the greatest common factor of n and g.
7
Let m = -52 - -75. Let v(t) = -7 + 2*t**2 + 20*t + 10*t + 0*t**2 - 3*t. Let d be v(-20). What is the highest common factor of m and d?
23
Suppose 81 = 3*p - 5*c - 314, 2*c - 10 = 0. Calculate the highest common divisor of p and 1840.
20
Suppose 3*v = -3*w + 981, 2*v = -v + 6. Let g(u) = 73*u + 6901. Let m be g(-94). What is the greatest common factor of w and m?
13
Suppose 4*v = -5*d + 34, -2*v + 39 = v - 3*d. Suppose 0*g + 891 = g. Let k be (2/(-2))/((-27)/g). Calculate the greatest common divisor of v and k.
11
Let u = 26396 + -24923. Calculate the greatest common divisor of u and 3.
3
Suppose 3*n - 21 = 0, -h - 12*n + 138 = -3*n. Calculate the highest common factor of 3765 and h.
15
Suppose -s + 1 = 3*s + l, 4*l = 4. Suppose 5*v = -s*v - 305. Let o = v + 75. What is the highest common divisor of 42 and o?
14
Suppose 5 = 2*f + 1. Let r(s) = 2*s**f + 0*s**3 + 2*s - s**3 + 0*s + s. Let l be r(-3). What is the highest common divisor of l and 27?
9
Let l(g) = 4*g + 8 + 7 - 11. Let m be l(0). Suppose 0 = -2*w - 10, m*w + w = 5*t - 180. What is the greatest common factor of t and 62?
31
Let w = -91 + 73. Let r be 4/w - 2105/45. Let i = r - -62. Calculate the highest common factor of 105 and i.
15
Let r = -8712 + 9103. Calculate the greatest common factor of 221 and r.
17
Let p be (6 - 15)*(17 - 67). Calculate the highest common divisor of 150 and p.
150
Let n = -533 - -553. Calculate the greatest common divisor of 4270 and n.
10
Suppose 34*a = -6*a - 11*a + 253725. What is the highest common factor of a and 75?
25
Suppose 12 = -16*y + 44. Suppose y*b - 16 = -2*b. Let x(p) = p**2 + 1. Let a be x(3). What is the greatest common divisor of a and b?
2
Let r(x) = 7*x**2 - 63*x + 987. Let y be r(22). What is the highest common factor of y and 98?
49
Let t = 93 - 89. Let i be (2/t)/(2/360). What is the greatest common divisor of 20 and i?
10
Let x be 2 + 8 + (8476 - -13)/13. Calculate the greatest common divisor of 255 and x.
51
Let r = -4 + 2. Let z be 2/(2/(-14)*r). Suppose 26 + 128 = 11*n. What is the greatest common divisor of n and z?
7
Let x = -4063 + 4089. What is the highest common divisor of 18 and x?
2
Let r(y) = y**3 + 36*y**2 - 81*y - 90. Let q be r(-38). Calculate the greatest common factor of 19100 and q.
100
Suppose -22 - 4 = -q. Let t(u) = 7*u**3 - 8*u**3 - 6*u + 8*u**2 + 11*u**2 + 47*u + 34. Let s be t(21). What is the highest common divisor of s and q?
13
Suppose -48*w = -50*w + 216. Let r(a) = -a**2 + 13*a + 10. Let l be r(14). Let i be l + (-876)/(-54) - 2/9. What is the highest common factor of i and w?
12
Let r(v) = -v**2 - 4*v - 6. Let n be r(-6). Let b = n - -32. Suppose -4*h = 12, 0 = -3*g - h - 398 + 605. Calculate the greatest common factor of g and b.
14
Let v be (-20 + (-32)/(-16))*-4. Calculate the highest common factor of v and 14292.
36
Let w(d) = 83*d + 6984. Let k be w(-84). Let c = 392 + -44. Calculate the highest common divisor of c and k.
12
Suppose -457 = -4*f + 3*c, 2*f + 323*c - 322*c = 221. What is the highest common factor of 1984 and f?
16
Let d = 24 - -1. Let t(g) = d + g + 13 - 17. Let i be t(-5). Calculate the highest common divisor of 8 and i.
8
Suppose 0*r + 72 = 4*r. Suppose -4*c = -8, 2*c - 423 = -3*z - c. Suppose 4*q = a - 4*a + z, 3*q + 222 = 5*a. What is the highest common divisor of r and a?
9
Let m(u) = -2*u**3 - 34*u**2 - 37*u + 90. Let r be m(-16). Calculate the highest common factor of r and 765.
85
Suppose -68971 - 40029 = -90*x - 10*x. What is the highest common factor of x and 30?
10
Suppose -25*b = -68*b + 29*b + 238. Let n = 104 + -70. Calculate the highest common factor of b and n.
17
Let g be (-2)/(6/(-143)) - 116/174. Let s = g + -47. Suppose 18 = v - s. What is the highest common factor of v and 27?
9
Let n be (-645)/(-75) - 9 - 356406/(-15). Calculate the greatest common factor of n and 180.
180
Let d be 72/(-1224) - 10950/(-34). Calculate the highest common factor of 168 and d.
14
Suppose -5*j = -677 + 587. Suppose -5*i = 3*w - 353 - 297, -25 = 5*i. What is the greatest common divisor of j and w?
9
Let t(o) be the first derivative of 13*o**2/2 + o - 22. Let c be t(2). What is the greatest common divisor of 243 and c?
27
Let z(q) = -153*q - 5. Let r be z(-1). Let l = r - 123. What is the highest common divisor of 200 and l?
25
Let d(f) = -2*f**2 + 19*f - 40. Let p be d(5). Suppose -3*y + 5*a = a - 38, 4*y = -p*a - 1. Calculate the greatest common divisor of y and 51.
3
Let y be (-4)/(-2)*2/((-4)/(-2)). Let t be (-4 - -3) + y + 0 + 1. Let r = 36 - 26. What is the greatest common factor of t and r?
2
Suppose 36 = 4*g - 76. Suppose -38*a = -42*a - 88. Let k be -1*(4/a - 687/33). Calculate the greatest common factor of g and k.
7
Suppose -5*v + 849 = -u, v - 2*u - 177 = -0*u. Suppose 18 + 47 = 5*f. What is the highest common divisor of v and f?
13
Let y(t) = t**3 + 5*t**2 + 2*t + 14. Let w be y(-6). Let z = 102 + w. Suppose 120 = z*f - 63*f. Calculate the highest common divisor of f and 32.
8
Let m = 3294 + -3177. What is the greatest common divisor of m and 36?
9
Suppose 0 = 18*h - 21*h + 15. Suppose -4*p = h*b - 113, -28 = 3*b + 2*p - 97. Suppose -t = -16 - b. What is the highest common divisor of t and 41?
41
Let x(g) = -g**3 - 4*g**2 - 27*g - 24. Let k be x(-11). Calculate the greatest common factor of k and 160.
160
Let j be (-2047744)/(-2736) - 4/9. What is the highest common factor of 451 and j?
11
Suppose u - 2*y = 960, 5*u - 5*y = 9*u - 3788. Calculate the greatest common factor of 3689 and u.
119
Suppose -372*q + 385*q = 46384. What is the highest common factor of q and 64?
16
Suppose 4*l - 11 = 29. Let f be (-2)/6 - (7 - (-279)/(-27)). Suppose 92 = f*q + c, 0 = c - 3*c + 4. Calculate the highest common divisor of l and q.
10
Suppose 2*f - 894 = -2*y, f + 47*y = 48*y + 435. What is the greatest common factor of f and 27?
9
Suppose -5*y - 5*l = 15, -2*y - l - 7 = -5*y. Let u(z) = y - 76*z + 77*z - 2. Let j be u(4). Calculate the highest common factor of j and 21.
3
Let p be (2016/(-5184))/(4/(-72)). Suppose 4*s - 650 = 2738. What is the highest common factor of s and p?
7
Let y = -3660 + 4164. What is the highest common factor of 315 and y?
63
Suppose -2*v = -6*v + 40. Suppose 0*g = v*g - 180. Let y(w) = -24*w - 3. Let q be y(-2). Calculate the highest common factor of g and q.
9
Suppose 4*c - 4*u = 412, c = -c + 3*u + 204. Calculate the greatest common divisor of c and 56.
7
Let g be (-4)/((-8)/(-14))*272/(-952). Calculate the greatest common divisor of 31 and g.
1
Suppose 4*p - 27 - 45 = 0. Suppose 16*l = p*l + 3*v - 71, 5*v = 15. What is the greatest common divisor of 434 and l?
31
Suppose -8*t = 36 - 52. Let y(f) = -f + 3. Let l be y(t). Calculate the greatest common divisor of 32 and l.
1
Suppose 0 = -4*o + 2*n + 164 + 240, -2*o = -5*n - 210. What is the greatest common factor of 1460 and o?
20
Suppose 0 = 122*q + 18944 - 136674. Calculate the greatest common factor of 5 and q.
5
Let w = 2036 - 1892. What is the highest common divisor of w and 848?
16
Let s be 203/(1 + 0) - (15 - 19). Suppose f + s = 3*k, 82 = k + 4*f + 26. What is the greatest common factor of 170 and k?
34
Suppose -2*j = -3*m - 1015, 0 = 15*j - 20*j + 2*m + 2565. Calculate the highest common divisor of j and 3914.
103
Suppose -3*b = 2*b - 110. Let u = 21 - b. Let z be u*3/(-6) - (-59)/2. What is the highest common divisor of 10 and z?
10
Let o(u) = -u**3 + 5*u**2 - 4*u + 26. Let x(y) = -y**3 + 3*y**2 + 6*y - 3. Let g be x(4). Let p be o(g). What is the highest common factor of p and 138?
6
Let v = -10 + 6. Suppose 20*n + 6*n + 12 = 20*n. Let y be (-57)/(-6)*(n - v). Calculate the highest common divisor of y and 57.
19
Suppose 324 = -26*y + 13714. What is the greatest common divisor of 10 and y?
5
Let g(q) = q**2 - 25*q - 102. Let f be g(-5). What is the highest common divisor of 2424 and f?
24